 of g.
19, 29
Let a(m) be the second derivative of 1/2*m**2 + 5/6*m**4 - 20*m + 1/20*m**5 - 13/6*m**3 + 0. List the prime factors of a(-11).
23
List the prime factors of (1/1)/((-99)/(-1127907)).
11393
Let o = 2609 + 833. List the prime factors of o.
2, 1721
Suppose 5*a + 0*q + 2 = -q, 0 = -2*a + 5*q + 10. Let z(i) = -i**3 - i**2 + 2*i + 668. What are the prime factors of z(a)?
2, 167
Let m = -1272 - -352. List the prime factors of (266432/m)/(1 - (-7)/(-5)).
2, 181
Suppose 5*j + 11*w - 7*w - 1259 = 0, -490 = -2*j - 5*w. List the prime factors of j.
3, 5, 17
Suppose -34*i + 30*i = 0. Suppose -83*u + 82*u + 136 = i. What are the prime factors of u?
2, 17
Let z = -180 - -125. Suppose -9*c = 768 + 105. Let n = z - c. List the prime factors of n.
2, 3, 7
Let m be -2 - -2*3/3. Suppose -73*t + 71*t = m. Let q(d) = -8*d + 140. List the prime factors of q(t).
2, 5, 7
Let l(q) be the third derivative of -1/60*q**5 - 1/120*q**6 + 5*q**2 + 0*q + 0*q**4 + 0 - q**3. What are the prime factors of l(-3)?
2, 3
Let d(q) = q**3 - 11*q**2 + 8*q - 23. Let y be d(11). Let f = 67 - y. Suppose 4*z + 2*o = -3*o + 758, f*z - 372 = o. What are the prime factors of z?
11, 17
Let u be ((-25)/(-50))/(2/(-28)). List the prime factors of 5 - (0 - u) - 3 - -506.
3, 167
Suppose -2*d + 121 = 3*p, 2*p = -4*d + 4*p + 282. What are the prime factors of d?
2, 17
Suppose 10*n - 7*n + 9 = 0, -21288 = -3*b - 4*n. List the prime factors of b.
2, 5, 71
Suppose -132*o + 135*o + 3*t - 861 = 0, 3*o + 4*t - 863 = 0. List the prime factors of o.
3, 5, 19
Suppose -4*x + 4*d = 16, 3*x - 2*d + 16 = 3*d. What are the prime factors of (10 - (-3 - 561)) + 0/x?
2, 7, 41
Suppose 22*g - 18*g = -2*o + 3186, 4*o - 5*g = 6294. What are the prime factors of o?
3, 17, 31
Let u(f) = f**3 + 22*f**2 + 17*f + 6. Let d be u(-20). What are the prime factors of d/1*3/((-24)/(-4))?
233
Let x = -486 - -340. Suppose 5*q + 4 = -n - 39, -q = 0. Let l = n - x. What are the prime factors of l?
103
Let b(i) = 3*i**2 + 13*i + 8. Suppose 0 = -4*r - r, -45 = 5*u + 3*r. What are the prime factors of b(u)?
2, 67
Suppose 0 = -5*c + 157 + 168. Suppose -5*s + 80 = -c. Suppose -n + 21 = -s. What are the prime factors of n?
2, 5
Suppose 31*p - 24*p - 29*p = -104962. List the prime factors of p.
13, 367
Let s(i) = 0 + 38 - 2 + 2*i**2 - 38*i. Let r be s(18). Suppose r = a + 3*d - 132, -3*d - 331 - 53 = -3*a. What are the prime factors of a?
3, 43
Suppose -40*w + 539 + 301 = 0. Suppose w*t = 8044 - 295. List the prime factors of t.
3, 41
Let l = 296 - 301. List the prime factors of (-370)/(l + 0) - -3.
7, 11
Let v = 22 - 20. Suppose -d + 101 = -5*k, -d - k = v*d - 335. List the prime factors of d.
3, 37
Suppose -3 = -k - 1. Let c be 45/(-9) - 33/(-3)*22. Suppose -3*f + k*b = -0*b - 246, 3*f + b = c. What are the prime factors of f?
2, 5
What are the prime factors of 7 + 3664/(-80)*-65?
2, 373
Let o = 30178 + -5868. What are the prime factors of o?
2, 5, 11, 13, 17
Let a(g) = 10*g**2 + 7. Let c(u) = -2*u + 62. Let f be c(29). Let y be a(f). Let r = 409 - y. List the prime factors of r.
2, 11
Let z(m) = 109*m**2 + 40*m + 700. What are the prime factors of z(-17)?
3, 7, 19, 79
Let t be (-2)/(-6)*(0/5 - -9). Suppose 0*h = -5*h - 4*q + 2019, -t*q - 1640 = -4*h. List the prime factors of h.
11, 37
Let i(l) be the third derivative of -7*l**4/24 + 3*l**3 - 2*l**2 + 74. Let s = -1 - 6. List the prime factors of i(s).
67
Let b(i) = -4*i**2 - 5*i + 24184. What are the prime factors of b(0)?
2, 3023
Suppose 0 = 11*d - 4*d + 63. Let j = d - -8. List the prime factors of 32/j*(-4)/2.
2
Let s be 398/10*(8 + -3). Suppose -s*v = -198*v - 720. List the prime factors of v.
2, 3, 5
Suppose -8*j - 34931 = 49177 - 450948. List the prime factors of j.
3, 5, 1019
Suppose -4*s - 5*r - 16 + 69 = 0, s - 4*r = 8. Suppose -8*j = -s*j. Suppose 5*d - 330 = -j*d. List the prime factors of d.
2, 3, 11
Suppose 19*u - 39*u = -117540. What are the prime factors of u?
3, 653
Suppose t + 14*t = 0. Suppose 0 = -t*p + 2*p - 652. What are the prime factors of p?
2, 163
Let g(t) = -179*t - 205. Let a be g(18). Let d = -1332 - a. List the prime factors of d.
5, 419
Suppose -170 = 3*w + 541. Let g = 41 - w. List the prime factors of g.
2, 139
Let y = 12410 - 7879. List the prime factors of y.
23, 197
Let w = -19022 - -30324. What are the prime factors of w?
2, 5651
Let o(n) = -142*n + 27. Let i be o(6). Let l = 1413 + i. List the prime factors of l.
2, 3, 7
Suppose 12*p - 741923 - 265417 = 0. What are the prime factors of p?
5, 103, 163
Suppose 2*t - 7*t = -5*q + 8540, -3*q + 2*t = -5125. What are the prime factors of q?
1709
Let r be (-69)/(-4)*(-54 + 30). Let h be r/((3 + 1)/4). What are the prime factors of (-16)/6*h/8?
2, 3, 23
Suppose -4*v - 4*d + 112564 = 0, -57*d + 55*d = -2*v + 56306. List the prime factors of v.
7, 4021
Suppose 0 = 35*j - 27*j - 16. Let i = -22 + 67. Let o = j + i. What are the prime factors of o?
47
Let b be (-1)/((-4)/(-14) + 65/(-203)). Suppose b*y - 6048 + 509 = 0. What are the prime factors of y?
191
Suppose 0 = z - 4*w + w - 1, 3 = 3*z - 2*w. List the prime factors of (2 - 3)/(z*3/(-1878)).
2, 313
Let i = -8 - -20. Let t(g) = 16*g - 16 + 5 + 0 - 9 - g**2. What are the prime factors of t(i)?
2, 7
Suppose 2*f - 2028 = -2024. Suppose 0*l - 111 = -l. Suppose 0*y + 90 = 4*y + f*u, -5*y + l = 3*u. What are the prime factors of y?
2, 3
Let x be (8 + -1 + -7)*2/(-4). Suppose x*n - r = -4*n + 1881, 4*n + 5*r - 1875 = 0. List the prime factors of n.
2, 5, 47
Suppose -5*s = w - 348672, -27*s = -23*s + 5*w - 278946. What are the prime factors of s?
2, 7, 17, 293
Suppose 2*z = 55 - 49. Let d be -4 + 14/z + (-4)/(-3). Suppose 0*k - 3*g = d*k - 363, -2*g = k - 180. What are the prime factors of k?
2, 3, 31
Let c(h) be the second derivative of 2*h**4 + 5*h**3/6 - 13*h**2 + 87*h. What are the prime factors of c(5)?
599
Suppose 1511*o = 1459*o + 307060. What are the prime factors of o?
5, 1181
Suppose 0 = 14*s - 16*s - v + 748, 0 = 2*s - 2*v - 736. Let x = s - -53. What are the prime factors of x?
5, 17
Let r(t) = t**3 - 5*t**2 + 12*t + 2. Let m be r(3). Let a be (-15)/(-30)*m/(-2). List the prime factors of (a*(-20)/25)/(1/39).
2, 3, 13
Suppose 0 = -4*u - 2*s - 3*s - 2405, u = 4*s - 617. Let j = -184 - u. List the prime factors of j.
421
Let a be (-33)/77 - (93/(-21) - 0). Suppose 4*c = -a*b + 492, 5*b + 4*c - 256 = 3*b. Suppose 3*k - 128 = b. What are the prime factors of k?
2, 41
Suppose 470*k - 469*k = 41442. What are the prime factors of k?
2, 3, 6907
Suppose 7*k + 9*k = 64. List the prime factors of (938/k)/(-7)*-2.
67
Let z = 64622 - 40572. What are the prime factors of z?
2, 5, 13, 37
Suppose -8*p + 16*p - 16 = 0. Let w be -38*p/(8/12). Let n = 248 + w. What are the prime factors of n?
2, 67
Let c(q) = -q**3 + 2*q**2 - 2*q + 44. Suppose 0 = -33*w + 36*w - 42. Suppose -w*i = -16*i. What are the prime factors of c(i)?
2, 11
Let s = -7974 + 29984. What are the prime factors of s?
2, 5, 31, 71
Let a(u) = 132*u - 3161. What are the prime factors of a(65)?
5419
Let x be (9/(-15))/((-1)/5). Suppose 0*q = 3*q + 4*s + 12, x*q - 6 = 2*s. Suppose 5*a - 29 - 371 = q. List the prime factors of a.
2, 5
Let v = -78 - -56. Suppose 11*l - 710 = -138. Let r = l + v. List the prime factors of r.
2, 3, 5
Let d(z) = 47*z**3 + 21*z**2 - 155*z + 86. What are the prime factors of d(7)?
31, 521
Let t(l) = l**3 + 46*l**2 - 63*l - 64. Let k be t(-39). List the prime factors of (k/48)/((-15)/(-54)).
2, 3, 163
Let x(j) = -11*j - 172 - 13*j - 8*j - 13*j. List the prime factors of x(-21).
773
Let j = -1398 + 25962. What are the prime factors of j?
2, 3, 23, 89
Let z(y) = 3*y - 4. Let a be ((-34)/(-85))/((-1)/(-5)). Let h be z(a). Suppose 0 = -h*k - 2*k + 188. What are the prime factors of k?
47
Let d(f) = 3*f + 31. Let k be d(-10). Let x be (36/8 - 5)/(k/(-10)). Let v = 11 - x. What are the prime factors of v?
2, 3
Let c(y) = 515*y**2 + 54*y - 327. What are the prime factors of c(11)?
2, 13, 29, 83
What are the prime factors of ((-5360)/(-120))/(((-65)/(-60))/13)?
2, 67
Suppose -2*g + 3*y + 108048 = -5347, -3*y - 170088 = -3*g. What are the prime factors of g?
7, 13, 89
Suppose 31*b = 56408 + 224302 + 45255. What are the prime factors of b?
3, 5, 701
Let f(a) = -4*a - 7 - 14*a +